{"id":43,"date":"2017-10-31T02:28:52","date_gmt":"2017-10-31T02:28:52","guid":{"rendered":"http:\/\/parorangi.maori.nz\/hpc\/?page_id=43"},"modified":"2017-10-31T02:28:52","modified_gmt":"2017-10-31T02:28:52","slug":"taonga-trophies","status":"publish","type":"page","link":"https:\/\/parorangi.maori.nz\/hpc\/archive-taonga\/taonga-trophies\/","title":{"rendered":"Taonga \/ Trophies"},"content":{"rendered":"<div align=\"center\">\n<h2><span style=\"font-family: Verdana, Arial, Helvetica, sans-serif;\">HPC-OBA \u2013 Taonga \/ Trophies<\/span><\/h2>\n<\/div>\n<div align=\"left\">\n<p align=\"justify\"><span style=\"font-family: Verdana, Arial, Helvetica, sans-serif; font-size: small;\">Over the past years, Old boys who have achieved excellence within the NZ sport scene on a national and international level have donated their Taonga ie (Rugby Jerseys, League, Touch, Softball and other Taonga including Trophies) back to the Kura.<\/span><\/p>\n<p align=\"justify\"><span style=\"font-family: Verdana, Arial, Helvetica, sans-serif; font-size: small;\">The HPC-OBA would like to develop a data base record of these Taonga identifying when they were presented to the Kura and by whom.<\/span><\/p>\n<p align=\"justify\"><span style=\"font-family: Verdana, Arial, Helvetica, sans-serif; font-size: small;\">We are keen to have these Taonga digitally recorded along with their photos displayed here on our website for all to see and enjoy. Hopefully It will keep inspiring old boys to maintain this practice of donating Taonga so that current students are inspired to replicate these achievements.<\/span><\/p>\n<p align=\"justify\"><span style=\"font-family: Verdana, Arial, Helvetica, sans-serif; font-size: small;\">In order for the Executive to maintain accurate information related to these Taonga, we ask that old boys who have donated their Taonga please fill out the following Form below and send it back to us as best as you can.<\/span><\/p>\n<table border=\"3\" width=\"99%\" cellspacing=\"0\" cellpadding=\"0\">\n<tbody>\n<tr bgcolor=\"#FF0000\">\n<td>\n<div align=\"center\">\n<p><strong><span style=\"color: #ffffff; font-family: Verdana, Arial, Helvetica, sans-serif; font-size: small;\">Name of donor:<\/span><\/strong><br \/>\n<strong><span style=\"color: #ffffff; font-family: Verdana, Arial, Helvetica, sans-serif; font-size: small;\">&#8220;Example only&#8221;<\/span><\/strong><\/p>\n<\/div>\n<\/td>\n<td>\n<div align=\"center\">\n<p><strong><span style=\"color: #ffffff; font-size: small;\"><span style=\"font-family: Verdana, Arial, Helvetica, sans-serif;\">Year(s) attended<\/span><\/span><\/strong><br \/>\n<strong><span style=\"color: #ffffff; font-size: small;\"><span style=\"font-family: Verdana, Arial, Helvetica, sans-serif;\">at the Kura<\/span><\/span><\/strong><\/p>\n<\/div>\n<\/td>\n<td>\n<div align=\"center\"><strong><span style=\"color: #ffffff; font-size: small;\"><span style=\"font-family: Verdana, Arial, Helvetica, sans-serif;\">House<\/span><\/span><\/strong><\/div>\n<\/td>\n<td>\n<div align=\"center\">\n<p><strong><span style=\"color: #ffffff; font-family: Verdana, Arial, Helvetica, sans-serif; font-size: small;\">Type of<\/span><\/strong><br \/>\n<strong><span style=\"color: #ffffff; font-family: Verdana, Arial, Helvetica, sans-serif; font-size: small;\">Taonga or Trophy<\/span><\/strong><\/p>\n<\/div>\n<\/td>\n<td>\n<div align=\"center\">\n<p><strong><span style=\"color: #ffffff; font-family: Verdana, Arial, Helvetica, sans-serif; font-size: small;\">When did you present<\/span><\/strong><br \/>\n<strong><span style=\"color: #ffffff; font-family: Verdana, Arial, Helvetica, sans-serif; font-size: small;\">it to the Kura<\/span><\/strong><\/p>\n<\/div>\n<\/td>\n<\/tr>\n<tr>\n<td>\n<div align=\"center\"><em><span style=\"font-family: Verdana, Arial, Helvetica, sans-serif; font-size: small;\">Morvin Edwards<\/span><\/em><\/div>\n<\/td>\n<td>\n<div align=\"center\"><em><span style=\"font-family: Verdana, Arial, Helvetica, sans-serif; font-size: small;\">1982 \u2013 \u201885<\/span><\/em><\/div>\n<\/td>\n<td><em><span style=\"font-family: Verdana, Arial, Helvetica, sans-serif; font-size: small;\">Whiro<\/span><\/em><\/td>\n<td>\n<div align=\"center\"><em><span style=\"font-family: Verdana, Arial, Helvetica, sans-serif; font-size: small;\">Rugby League Carved Taonga\/Trophy<\/span><\/em><\/div>\n<\/td>\n<td>\n<div align=\"center\"><em><span style=\"font-family: Verdana, Arial, Helvetica, sans-serif; font-size: small;\">1996 \u2013 end of year College Prize Giving<\/span><\/em><\/div>\n<\/td>\n<\/tr>\n<tr>\n<td>\n<div align=\"center\"><em><span style=\"font-family: Verdana, Arial, Helvetica, sans-serif; font-size: small;\">Morvin.Edwards<\/span><\/em><\/div>\n<\/td>\n<td>\n<div align=\"center\"><em><span style=\"font-family: Verdana, Arial, Helvetica, sans-serif; font-size: small;\">1982 \u2013 \u201885<\/span><\/em><\/div>\n<\/td>\n<td>\n<div align=\"center\"><em><span style=\"font-family: Verdana, Arial, Helvetica, sans-serif; font-size: small;\">Whiro<\/span><\/em><\/div>\n<\/td>\n<td>\n<div align=\"center\"><em><span style=\"font-family: Verdana, Arial, Helvetica, sans-serif; font-size: small;\">NZ\/Kiwi Rugby League Jersey<\/span><\/em><\/div>\n<\/td>\n<td>\n<div align=\"center\"><em><span style=\"font-family: Verdana, Arial, Helvetica, sans-serif; font-size: small;\">?<\/span><\/em><\/div>\n<\/td>\n<\/tr>\n<tr>\n<td><span style=\"color: #ffffff; font-family: Verdana, Arial, Helvetica, sans-serif; font-size: medium;\">&#8212;<\/span><\/td>\n<td><span style=\"color: #ffffff; font-family: Verdana, Arial, Helvetica, sans-serif; font-size: medium;\">&#8212;<\/span><\/td>\n<td><span style=\"color: #ffffff; font-family: Verdana, Arial, Helvetica, sans-serif; font-size: medium;\">&#8212;<\/span><\/td>\n<td><span style=\"color: #ffffff; font-family: Verdana, Arial, Helvetica, sans-serif; font-size: medium;\">&#8212;<\/span><\/td>\n<td><span style=\"color: #ffffff; font-family: Verdana, Arial, Helvetica, sans-serif; font-size: medium;\">&#8212;<\/span><\/td>\n<\/tr>\n<tr>\n<td height=\"21\"><span style=\"color: #ffffff; font-family: Verdana, Arial, Helvetica, sans-serif; font-size: medium;\">&#8212;<\/span><\/td>\n<td><span style=\"color: #ffffff; font-family: Verdana, Arial, Helvetica, sans-serif; font-size: medium;\">&#8212;<\/span><\/td>\n<td><span style=\"color: #ffffff; font-family: Verdana, Arial, Helvetica, sans-serif; font-size: medium;\">&#8212;<\/span><\/td>\n<td><span style=\"color: #ffffff; font-family: Verdana, Arial, Helvetica, sans-serif; font-size: medium;\">&#8212;<\/span><\/td>\n<td><span style=\"color: #ffffff; font-family: Verdana, Arial, Helvetica, sans-serif; font-size: medium;\">&#8212;<\/span><\/td>\n<\/tr>\n<\/tbody>\n<\/table>\n<p align=\"left\"><span style=\"font-family: Verdana, Arial, Helvetica, sans-serif; font-size: small;\">Once completed, please email the above Form back to The Hato P\u0101ora Old Boys Executive at;<\/span><\/p>\n<table border=\"0\" width=\"45%\" cellspacing=\"0\" cellpadding=\"0\">\n<tbody>\n<tr>\n<td bgcolor=\"#333366\">\n<div align=\"center\"><span style=\"font-family: Verdana, Arial, Helvetica, sans-serif; font-size: small;\"><a href=\"mailto:communications@parorangi.maori.nz?subject=mate%20Registration\"><span style=\"color: #ffffff;\"><strong>communications@parorangi.maori.nz<\/strong><\/span><\/a><\/span><\/div>\n<\/td>\n<\/tr>\n<\/tbody>\n<\/table>\n<p><span style=\"font-family: Verdana, Arial, Helvetica, sans-serif; font-size: small;\">or, if you do not have access to a computer to process your info. Please contact our Communications Manager Mahanga Williams on 06-3675952 or cell 027-2433561<\/span><\/p>\n<p><span style=\"font-family: Verdana, Arial, Helvetica, sans-serif; font-size: small;\">N\u014dreira, ng\u0101 manaakitanga ki a koutou ko t\u014du wh\u0101nau<br \/>\nWhaia Te Tika,<\/span><\/p>\n<p><span style=\"font-family: Verdana, Arial, Helvetica, sans-serif; font-size: small;\">HPC-OBA<br \/>\nMarch 2012<\/span><\/p>\n<\/div>\n","protected":false},"excerpt":{"rendered":"<p>HPC-OBA \u2013 Taonga \/ Trophies Over the past years, Old boys who have achieved excellence within the NZ sport scene on a national and international level have donated their Taonga ie (Rugby Jerseys, League, Touch, Softball and other Taonga including Trophies) back to the Kura. The HPC-OBA would like to develop a data base record &hellip; <a href=\"https:\/\/parorangi.maori.nz\/hpc\/archive-taonga\/taonga-trophies\/\" class=\"more-link\">Continue reading <span class=\"screen-reader-text\">Taonga \/ Trophies<\/span><\/a><\/p>\n","protected":false},"author":1,"featured_media":0,"parent":35,"menu_order":0,"comment_status":"closed","ping_status":"closed","template":"","meta":{"footnotes":""},"class_list":["post-43","page","type-page","status-publish","hentry"],"jetpack_sharing_enabled":true,"_links":{"self":[{"href":"https:\/\/parorangi.maori.nz\/hpc\/wp-json\/wp\/v2\/pages\/43","targetHints":{"allow":["GET"]}}],"collection":[{"href":"https:\/\/parorangi.maori.nz\/hpc\/wp-json\/wp\/v2\/pages"}],"about":[{"href":"https:\/\/parorangi.maori.nz\/hpc\/wp-json\/wp\/v2\/types\/page"}],"author":[{"embeddable":true,"href":"https:\/\/parorangi.maori.nz\/hpc\/wp-json\/wp\/v2\/users\/1"}],"replies":[{"embeddable":true,"href":"https:\/\/parorangi.maori.nz\/hpc\/wp-json\/wp\/v2\/comments?post=43"}],"version-history":[{"count":1,"href":"https:\/\/parorangi.maori.nz\/hpc\/wp-json\/wp\/v2\/pages\/43\/revisions"}],"predecessor-version":[{"id":44,"href":"https:\/\/parorangi.maori.nz\/hpc\/wp-json\/wp\/v2\/pages\/43\/revisions\/44"}],"up":[{"embeddable":true,"href":"https:\/\/parorangi.maori.nz\/hpc\/wp-json\/wp\/v2\/pages\/35"}],"wp:attachment":[{"href":"https:\/\/parorangi.maori.nz\/hpc\/wp-json\/wp\/v2\/media?parent=43"}],"curies":[{"name":"wp","href":"https:\/\/api.w.org\/{rel}","templated":true}]}}